/(-5) - -16 - n?
13
Let u = -24 - -48. Suppose h + h - u = 0. Let f = -1 - -24. What is the remainder when f is divided by h?
11
Let h be (-4)/(-20) + (-92)/10. Let z(p) = -p**3 - 10*p**2 - 14*p - 8. What is the remainder when z(h) is divided by 10?
7
Let d = 4 - -3. Let x(w) = -w**3 + 3*w + 4. Let j be x(-4). Suppose -5*v + 148 + j = f, 4*v - 163 = -f. Calculate the remainder when v is divided by d.
6
Suppose -w - y + 10 = 0, 5*w - 36 + 2 = 3*y. What is the remainder when 27 is divided by w?
3
Suppose 626 = 4*d - 7*l + 9*l, 2*l = 2*d - 298. Let y = -92 + d. Calculate the remainder when y is divided by 17.
11
Let i = -23 - -52. Suppose b = 2*b - i. What is the remainder when b is divided by 15?
14
Suppose -a - 24 = 5*v, 24 + 12 = -4*a - 5*v. Let b(u) = 3*u**2 + 6*u - 1. What is the remainder when 82 is divided by b(a)?
13
Suppose 108*c - 106*c = -4*x + 1216, c = 2. What is the remainder when x is divided by 61?
59
Let t(s) = 19*s - 149. Calculate the remainder when 110 is divided by t(10).
28
Suppose -6*i + 9*i = 24. Let f(v) = 27*v - 16. Calculate the remainder when f(i) is divided by 29.
26
Suppose -18*b + 13*b - 3*j + 1505 = 0, -j - 889 = -3*b. Calculate the remainder when b is divided by 50.
48
Let n(g) = 3*g**2 - 45*g + 106. Calculate the remainder when n(20) is divided by 105.
91
Suppose 5*z = -6*m + 3*m + 4, -3*z + 3 = 2*m. Suppose -41 = -m*f + 5*h, f - 3*f = 4*h - 64. What is the remainder when 83 is divided by f?
17
Let x(k) = 9*k + 387. Calculate the remainder when x(2) is divided by 35.
20
Let f = -10 - -14. Suppose 118 = f*g + 4*d + d, -3*g + 87 = 3*d. Calculate the remainder when 2/(-7) + 1110/14 is divided by g.
25
Suppose 3*g = -15, 3*y - 3*g - 198 = -0*g. What is the remainder when 363 is divided by y?
58
What is the remainder when (-15)/(90/8) - (-926)/6 is divided by 13?
10
Suppose -29*u + 615 = 12*u. What is the remainder when u is divided by (3/6)/((-2)/(-16))?
3
Suppose -68*o + 43*o = -1000. What is the remainder when o is divided by (-1 - -2) + 23 - 2?
18
Let i = 3 - -126. What is the remainder when i is divided by 22?
19
Calculate the remainder when 116 is divided by ((-3)/2)/((-14)/140).
11
Let q = 1 - -1. Let m = 9 + q. What is the remainder when 3*((-45)/(-27) - ((-312)/(-18))/(-2)) is divided by m?
9
Calculate the remainder when ((-910)/(-39))/((-2)/(-6)) is divided by 19.
13
Let q be (3 + (-5)/2)*-6. Let m be (q/6)/((-2)/120). Suppose c = -0*c - 5*v, -5*v = 4*c - m. What is the remainder when 48 is divided by c?
8
Let j = 135 + -132. Suppose j*i - 8*i = -100. What is the remainder when ((-147)/(-2))/(6/8) is divided by i?
18
Suppose 33*t - 2856 = -t. What is the remainder when 317 is divided by t?
65
Let k(a) = 20*a**3 + 2*a**2 - a. Let d = 21 - 26. Let f be d/(-7) - (-2)/7. Calculate the remainder when k(f) is divided by 8.
5
Let a(k) = k + 34. Let z = 88 + -98. Calculate the remainder when a(0) is divided by -21*2/(-12)*(-20)/z.
6
Suppose 2*w - 83 = -b, 2*w + 4 = -2. Suppose -m + 35 = z, -b - 91 = -5*z - 4*m. Calculate the remainder when z is divided by 6.
4
Let p = -402 + 408. Calculate the remainder when 366 is divided by p.
0
Suppose -382 = -4*u + 1034. Suppose -9*i = -867 + u. Calculate the remainder when i is divided by 12.
9
Let h = -44 + 47. Let r(p) = p**3 - 2*p**2 - p + 4. What is the remainder when 17 is divided by r(h)?
7
Let j be 4/5 + (-2)/(-10). Suppose 2*f + m - 35 = 0, -2*f - 4*m = -0*f - 26. What is the remainder when f + j*2/2 is divided by 11?
9
Suppose 5*s - 230 = 655. What is the remainder when s is divided by 57?
6
Calculate the remainder when 85 is divided by 3*(-10)/75*-55.
19
Suppose z = -0*z + 20. Let b = 64 - 30. Calculate the remainder when b is divided by 1*15*16/z.
10
Let r = -141 + 150. Let y be 1/(-3) - (-13)/3. Suppose -m = p - 28, 0*m - y*m + 100 = p. Calculate the remainder when m is divided by r.
6
Suppose -3*c = 3*z - 288, 2*z + 3*c = 3*z - 80. What is the remainder when z is divided by 19?
16
Let j = -161 - -164. Suppose -6 - 3 = -3*f. Suppose f = j*c - 3. Calculate the remainder when c is divided by 1.
0
Let h(p) = 6*p**2 - 4*p - 33. Calculate the remainder when h(-3) is divided by 12.
9
Let f = 148 - 81. Suppose -28 = -l - 3*y, -56 = -2*l + 2*y + 16. What is the remainder when f is divided by l?
33
Let h = -22 - -27. Suppose 5*t - 3*u - 21 - 96 = 0, -h*t = 3*u - 123. Calculate the remainder when 71 is divided by t.
23
Let f = 921 - 475. Calculate the remainder when f is divided by 14.
12
Suppose -z - 5*i = -28, 0 = 2*z + 4*i + i - 31. Suppose 2*g - 79 = 3*f, 0 = 3*g - 4*f - z - 117. What is the remainder when g is divided by 12?
8
Let v(n) be the second derivative of -n**5/20 + 7*n**4/12 - n**3/2 + 3*n**2 + 21*n. What is the remainder when (-1)/1 + 190/2 is divided by v(6)?
22
Suppose 2 = -o - 3*i, 0 = -3*o + 4*o - 5*i - 30. Calculate the remainder when (-1)/((-21)/o - -2) is divided by 7.
3
Suppose 2*b = 3*b + 16. Let k be 258/3*(-2)/(-4). Let m = k + b. What is the remainder when 80 is divided by m?
26
Let k be ((-16)/(-40))/((-2)/60). Let q = 62 - k. Calculate the remainder when q is divided by 38.
36
Suppose -2*k = -5*i + 65, -3*i = -4*i - 5*k - 14. Let s(x) = 5 + x**2 - 2*x - i*x**3 + 8*x**3 + 7*x. What is the remainder when s(-2) is divided by 8?
7
Let r = 52 + -60. Calculate the remainder when 47 is divided by (-2)/(2/r*12/18).
11
Let g be 24/16*(-150)/(-9). Suppose -28*u = -g*u - 87. Calculate the remainder when u is divided by 9.
2
Suppose 4*c - 3*k + 6*k = -51, -5*k + 15 = 0. Let r = c + 38. Suppose 49*i - 155 - 765 - 1187 = 0. Calculate the remainder when i is divided by r.
20
Let i(h) = 248*h + 248*h - 1 - 493*h - 25. What is the remainder when 46 is divided by i(18)?
18
Suppose -28*c + 252 = 56. What is the remainder when 510 is divided by c?
6
Suppose -59*c + 56*c = -174. What is the remainder when c is divided by 12?
10
Let b(u) = -u + 14. Let z be b(12). Let y be (2/z + -1)*-1. Suppose t = v + 7, 4*t - 3*v - 27 = -y*t. Calculate the remainder when t is divided by 3.
0
Let z be 15/(-20) - 99/(-4). Suppose z*t = 1781 + 331. What is the remainder when t is divided by 31?
26
Suppose 307*o - 16 = 305*o. What is the remainder when 126 is divided by o?
6
Suppose -10*n = -5*n. Suppose -15*x + 11*x + 16 = n. Suppose -1 = x*l - 45. Calculate the remainder when 52 is divided by l.
8
Let q(n) = -n**2 - 2*n + 4. Let l(y) = 5*y**2 + 11*y - 21. Let z(r) = -4*l(r) - 22*q(r). Calculate the remainder when 14 is divided by z(-2).
2
Let c(y) = 2*y**3 - 71*y**2 + 42*y - 44. What is the remainder when c(35) is divided by 17?
14
Let o(r) = 4*r + 7. Let s(m) = 3*m + 8. Let p(y) = -5*o(y) + 6*s(y). What is the remainder when p(-16) is divided by 23?
22
Let b = 160 - -245. Calculate the remainder when b is divided by 17.
14
Let p = -66 + 70. Suppose -3*g + 5*o = g - 53, -39 = -3*g + p*o. Calculate the remainder when 43 is divided by g.
9
Suppose f = -b + 3, 3*b = -8 - 7. Suppose 5*j + 81 = f*j. What is the remainder when j is divided by ((-30)/18)/(1/(-6))?
7
Suppose 45 = 14*o + 3. Calculate the remainder when (-122)/(-8) + 6/8 is divided by o.
1
Let o = 1990 - 1975. Calculate the remainder when 792 is divided by o.
12
Let s(f) = f**2 - f + 5. Let q be s(0). Suppose 2*i + 3*i - 60 = -q*m, 2*m - 2*i = 8. Calculate the remainder when 17 + (1/(-1))/((-4)/20) is divided by m.
6
Let p(r) = -r**2 - 2*r + 14. Calculate the remainder when 15 is divided by p(-4).
3
Suppose -12*q + 8 + 16 = 0. Suppose 2*r + 4*d - q = 6, 5*r = -5*d + 25. Calculate the remainder when 29 is divided by r.
5
Let l(q) = -q - 2. Let o be l(-2). Suppose 5*u - u - 2*i - 244 = o, -4*i = -3*u + 193. Suppose 4*v = u - 3. What is the remainder when v is divided by 8?
6
Let d be (-4)/(-2) + 4/2. Suppose -3*q = -d*q + 13. Suppose -835 = -117*v - 16. What is the remainder when q is divided by v?
6
Suppose 2*o + 88 = -b, -5*b - 587 = 2*o - 163. What is the remainder when (-3)/((-1)/(-1)) - b is divided by 28?
25
Let n = 161 + -104. Suppose t + 2*t - n = 0. Suppose -o + 4*x + 21 = x, 4*o - 154 = -2*x. Calculate the remainder when o is divided by t.
17
Let h = 6 + 12. Suppose 13*l = 511 + 100. Calculate the remainder when l is divided by h.
11
Let b = -553 + 644. What is the remainder when b is divided by 28?
7
Suppose -3*p 